{"id":393,"date":"2026-04-27T11:27:02","date_gmt":"2026-04-27T09:27:02","guid":{"rendered":"https:\/\/ganzheitlichemd.bplaced.net\/?page_id=393"},"modified":"2026-04-27T11:38:40","modified_gmt":"2026-04-27T09:38:40","slug":"produkte","status":"publish","type":"page","link":"https:\/\/ganzheitlichemd.bplaced.net\/?page_id=393","title":{"rendered":"Produkte"},"content":{"rendered":"<h2 class=\"jw-heading-100\" style=\"text-align: center;\" id=\"mcetoc_1jn74pt420\">Provicell Vital Linie<\/h2>\n<p>&nbsp;<\/p>\n<p>&nbsp;<\/p>\n<h3 class=\"jw-heading-70\" id=\"mcetoc_1jn74rsj62\">RELAX VITAL<\/h3>\n<p>&nbsp;<\/p>\n<p>Manche Situationen k\u00f6nnen Hunde st\u00e4rker fordern als<br \/>\nandere: Gewitter, Feuerwerk, Autofahrten, Umz\u00fcge,<br \/>\nGer\u00e4usche oder Besuche. In diesen Phasen reagieren<br \/>\nmanche Vierbeiner sensibler oder brauchen mehr<br \/>\nOrientierung im Alltag.<br \/>\nRelax Vital erg\u00e4nzt die t\u00e4gliche F\u00fctterung mit einer<br \/>\nnat\u00fcrlichen Kr\u00e4utermischung, u.a. aus Baldrianwurzel<br \/>\nund Melissenbl\u00e4ttern, in schonender Verarbeitung.<\/p>\n<h3 class=\"jw-heading-70\" id=\"mcetoc_1jn74rsj63\"><\/h3>\n<p>&nbsp;<\/p>\n<h3 class=\"jw-heading-70\" id=\"mcetoc_1jn74rsj64\"><a href=\"https:\/\/www.provicell.com\/shop\/relax-vital-71?taff_ref=P26-0000721\">*Hier geht&#8217;s zum Produkt<\/a><\/h3>\n<h2 class=\"jw-heading-100\" style=\"text-align: center;\" id=\"mcetoc_1jn74r3oh1\"><\/h2>\n","protected":false},"excerpt":{"rendered":"<p>Provicell Vital Linie &nbsp; &nbsp; RELAX VITAL &nbsp; Manche Situationen k\u00f6nnen Hunde st\u00e4rker fordern als andere: Gewitter, Feuerwerk, Autofahrten, Umz\u00fcge, Ger\u00e4usche oder Besuche. In diesen Phasen reagieren manche Vierbeiner sensibler oder brauchen mehr Orientierung im Alltag. Relax Vital erg\u00e4nzt die t\u00e4gliche F\u00fctterung mit einer nat\u00fcrlichen Kr\u00e4utermischung, u.a. aus Baldrianwurzel und Melissenbl\u00e4ttern, in schonender Verarbeitung. &nbsp;&hellip; <br \/> <a class=\"read-more\" href=\"https:\/\/ganzheitlichemd.bplaced.net\/?page_id=393\">Weiterlesen<\/a><\/p>\n","protected":false},"author":2,"featured_media":0,"parent":0,"menu_order":0,"comment_status":"closed","ping_status":"closed","template":"","meta":{"footnotes":""},"class_list":["post-393","page","type-page","status-publish","hentry"],"featured_image_src":null,"_links":{"self":[{"href":"https:\/\/ganzheitlichemd.bplaced.net\/index.php?rest_route=\/wp\/v2\/pages\/393","targetHints":{"allow":["GET"]}}],"collection":[{"href":"https:\/\/ganzheitlichemd.bplaced.net\/index.php?rest_route=\/wp\/v2\/pages"}],"about":[{"href":"https:\/\/ganzheitlichemd.bplaced.net\/index.php?rest_route=\/wp\/v2\/types\/page"}],"author":[{"embeddable":true,"href":"https:\/\/ganzheitlichemd.bplaced.net\/index.php?rest_route=\/wp\/v2\/users\/2"}],"replies":[{"embeddable":true,"href":"https:\/\/ganzheitlichemd.bplaced.net\/index.php?rest_route=%2Fwp%2Fv2%2Fcomments&post=393"}],"version-history":[{"count":3,"href":"https:\/\/ganzheitlichemd.bplaced.net\/index.php?rest_route=\/wp\/v2\/pages\/393\/revisions"}],"predecessor-version":[{"id":413,"href":"https:\/\/ganzheitlichemd.bplaced.net\/index.php?rest_route=\/wp\/v2\/pages\/393\/revisions\/413"}],"wp:attachment":[{"href":"https:\/\/ganzheitlichemd.bplaced.net\/index.php?rest_route=%2Fwp%2Fv2%2Fmedia&parent=393"}],"curies":[{"name":"wp","href":"https:\/\/api.w.org\/{rel}","templated":true}]}}